{"id":433,"date":"2017-02-16T21:08:32","date_gmt":"2017-02-16T19:08:32","guid":{"rendered":"https:\/\/www.kaasikkoolitus.eu\/web\/?page_id=433"},"modified":"2020-01-03T09:48:11","modified_gmt":"2020-01-03T07:48:11","slug":"koostoopartnerid","status":"publish","type":"page","link":"https:\/\/www.kaasikkoolitus.eu\/web\/koostoopartnerid\/","title":{"rendered":"Koost\u00f6\u00f6partnereid"},"content":{"rendered":"<div data-animation=\"rubberBand\" data-icons-animation=\"no-animation\" data-overlay=\"on\" data-change-size=\"\" data-button-size=\"0.7\" style=\"font-size:0.7em!important;display:none;\" class=\"supsystic-social-sharing supsystic-social-sharing-package-flat supsystic-social-sharing-hide-on-homepage supsystic-social-sharing-spacing supsystic-social-sharing-content supsystic-social-sharing-content-align-right\" data-text=\"\"><a data-networks=\"[]\" class=\"social-sharing-button sharer-flat sharer-flat-1 counter-standard without-counter facebook\" target=\"_blank\" title=\"Facebook\" href=\"http:\/\/www.facebook.com\/sharer.php?u=https%3A%2F%2Fwww.kaasikkoolitus.eu%2Fweb%2Fkoostoopartnerid%2F\" data-main-href=\"http:\/\/www.facebook.com\/sharer.php?u={url}\" data-nid=\"1\" data-name=\"\" data-pid=\"2\" data-post-id=\"433\" data-url=\"https:\/\/www.kaasikkoolitus.eu\/web\/wp-admin\/admin-ajax.php\" rel=\"nofollow\" data-mailto=\"\"><i class=\"fa-ssbs fa-ssbs-fw fa-ssbs-facebook\"><\/i><div class=\"counter-wrap standard\"><span class=\"counter\">2<\/span><\/div><\/a><a data-networks=\"[]\" class=\"social-sharing-button sharer-flat sharer-flat-1 counter-standard without-counter print\" target=\"_blank\" title=\"Print\" href=\"#\" data-main-href=\"#\" data-nid=\"14\" data-name=\"\" data-pid=\"2\" data-post-id=\"433\" data-url=\"https:\/\/www.kaasikkoolitus.eu\/web\/wp-admin\/admin-ajax.php\" rel=\"nofollow\" data-mailto=\"\"><i class=\"fa-ssbs fa-ssbs-fw fa-ssbs-print\"><\/i><div class=\"counter-wrap standard\"><span class=\"counter\">0<\/span><\/div><\/a><a data-networks=\"[]\" class=\"social-sharing-button sharer-flat sharer-flat-1 counter-standard without-counter mail\" target=\"_blank\" title=\"Mail\" href=\"#\" data-main-href=\"#\" data-nid=\"16\" data-name=\"\" data-pid=\"2\" data-post-id=\"433\" data-url=\"https:\/\/www.kaasikkoolitus.eu\/web\/wp-admin\/admin-ajax.php\" rel=\"nofollow\" data-mailto=\"\"><i class=\"fa-ssbs fa-ssbs-fw fa-ssbs-envelope-o\"><\/i><div class=\"counter-wrap standard\"><span class=\"counter\">1<\/span><\/div><\/a><\/div><p><img loading=\"lazy\" decoding=\"async\" data-attachment-id=\"434\" data-permalink=\"https:\/\/www.kaasikkoolitus.eu\/web\/koostoopartnerid\/htm\/\" data-orig-file=\"https:\/\/i0.wp.com\/www.kaasikkoolitus.eu\/web\/wp-content\/uploads\/2017\/02\/htm.png?fit=150%2C46&amp;ssl=1\" data-orig-size=\"150,46\" data-comments-opened=\"0\" data-image-meta=\"{&quot;aperture&quot;:&quot;0&quot;,&quot;credit&quot;:&quot;&quot;,&quot;camera&quot;:&quot;&quot;,&quot;caption&quot;:&quot;&quot;,&quot;created_timestamp&quot;:&quot;0&quot;,&quot;copyright&quot;:&quot;&quot;,&quot;focal_length&quot;:&quot;0&quot;,&quot;iso&quot;:&quot;0&quot;,&quot;shutter_speed&quot;:&quot;0&quot;,&quot;title&quot;:&quot;&quot;,&quot;orientation&quot;:&quot;0&quot;}\" data-image-title=\"htm\" data-image-description=\"\" data-image-caption=\"\" data-medium-file=\"https:\/\/i0.wp.com\/www.kaasikkoolitus.eu\/web\/wp-content\/uploads\/2017\/02\/htm.png?fit=150%2C46&amp;ssl=1\" data-large-file=\"https:\/\/i0.wp.com\/www.kaasikkoolitus.eu\/web\/wp-content\/uploads\/2017\/02\/htm.png?fit=150%2C46&amp;ssl=1\" class=\"alignnone size-full wp-image-434\" src=\"https:\/\/i0.wp.com\/www.kaasikkoolitus.eu\/web\/wp-content\/uploads\/2017\/02\/htm.png?resize=150%2C46&#038;ssl=1\" alt=\"\" width=\"150\" height=\"46\" data-recalc-dims=\"1\" \/> <img loading=\"lazy\" decoding=\"async\" data-attachment-id=\"435\" data-permalink=\"https:\/\/www.kaasikkoolitus.eu\/web\/koostoopartnerid\/koolitused-3\/\" data-orig-file=\"https:\/\/i0.wp.com\/www.kaasikkoolitus.eu\/web\/wp-content\/uploads\/2017\/02\/koolitused-1.png?fit=150%2C50&amp;ssl=1\" data-orig-size=\"150,50\" data-comments-opened=\"0\" data-image-meta=\"{&quot;aperture&quot;:&quot;0&quot;,&quot;credit&quot;:&quot;&quot;,&quot;camera&quot;:&quot;&quot;,&quot;caption&quot;:&quot;&quot;,&quot;created_timestamp&quot;:&quot;0&quot;,&quot;copyright&quot;:&quot;&quot;,&quot;focal_length&quot;:&quot;0&quot;,&quot;iso&quot;:&quot;0&quot;,&quot;shutter_speed&quot;:&quot;0&quot;,&quot;title&quot;:&quot;&quot;,&quot;orientation&quot;:&quot;0&quot;}\" data-image-title=\"koolitused\" data-image-description=\"\" data-image-caption=\"\" data-medium-file=\"https:\/\/i0.wp.com\/www.kaasikkoolitus.eu\/web\/wp-content\/uploads\/2017\/02\/koolitused-1.png?fit=150%2C50&amp;ssl=1\" data-large-file=\"https:\/\/i0.wp.com\/www.kaasikkoolitus.eu\/web\/wp-content\/uploads\/2017\/02\/koolitused-1.png?fit=150%2C50&amp;ssl=1\" class=\"alignnone size-full wp-image-435\" src=\"https:\/\/i0.wp.com\/www.kaasikkoolitus.eu\/web\/wp-content\/uploads\/2017\/02\/koolitused-1.png?resize=150%2C50&#038;ssl=1\" alt=\"\" width=\"150\" height=\"50\" data-recalc-dims=\"1\" \/><\/p>\n<p><img loading=\"lazy\" decoding=\"async\" data-attachment-id=\"436\" data-permalink=\"https:\/\/www.kaasikkoolitus.eu\/web\/koostoopartnerid\/koolitusinfo-2\/\" data-orig-file=\"https:\/\/i0.wp.com\/www.kaasikkoolitus.eu\/web\/wp-content\/uploads\/2017\/02\/koolitusinfo-1.jpg?fit=150%2C25&amp;ssl=1\" data-orig-size=\"150,25\" data-comments-opened=\"0\" data-image-meta=\"{&quot;aperture&quot;:&quot;0&quot;,&quot;credit&quot;:&quot;&quot;,&quot;camera&quot;:&quot;&quot;,&quot;caption&quot;:&quot;&quot;,&quot;created_timestamp&quot;:&quot;0&quot;,&quot;copyright&quot;:&quot;&quot;,&quot;focal_length&quot;:&quot;0&quot;,&quot;iso&quot;:&quot;0&quot;,&quot;shutter_speed&quot;:&quot;0&quot;,&quot;title&quot;:&quot;&quot;,&quot;orientation&quot;:&quot;1&quot;}\" data-image-title=\"koolitusinfo\" data-image-description=\"\" data-image-caption=\"\" data-medium-file=\"https:\/\/i0.wp.com\/www.kaasikkoolitus.eu\/web\/wp-content\/uploads\/2017\/02\/koolitusinfo-1.jpg?fit=150%2C25&amp;ssl=1\" data-large-file=\"https:\/\/i0.wp.com\/www.kaasikkoolitus.eu\/web\/wp-content\/uploads\/2017\/02\/koolitusinfo-1.jpg?fit=150%2C25&amp;ssl=1\" class=\"alignnone size-full wp-image-436\" src=\"https:\/\/i0.wp.com\/www.kaasikkoolitus.eu\/web\/wp-content\/uploads\/2017\/02\/koolitusinfo-1.jpg?resize=150%2C25&#038;ssl=1\" alt=\"\" width=\"150\" height=\"25\" data-recalc-dims=\"1\" \/><img loading=\"lazy\" decoding=\"async\" data-attachment-id=\"437\" data-permalink=\"https:\/\/www.kaasikkoolitus.eu\/web\/koostoopartnerid\/nort_logo\/\" data-orig-file=\"https:\/\/i0.wp.com\/www.kaasikkoolitus.eu\/web\/wp-content\/uploads\/2017\/02\/nort_logo.jpg?fit=150%2C58&amp;ssl=1\" data-orig-size=\"150,58\" data-comments-opened=\"0\" data-image-meta=\"{&quot;aperture&quot;:&quot;0&quot;,&quot;credit&quot;:&quot;&quot;,&quot;camera&quot;:&quot;&quot;,&quot;caption&quot;:&quot;&quot;,&quot;created_timestamp&quot;:&quot;0&quot;,&quot;copyright&quot;:&quot;&quot;,&quot;focal_length&quot;:&quot;0&quot;,&quot;iso&quot;:&quot;0&quot;,&quot;shutter_speed&quot;:&quot;0&quot;,&quot;title&quot;:&quot;&quot;,&quot;orientation&quot;:&quot;0&quot;}\" data-image-title=\"nort_logo\" data-image-description=\"\" data-image-caption=\"\" data-medium-file=\"https:\/\/i0.wp.com\/www.kaasikkoolitus.eu\/web\/wp-content\/uploads\/2017\/02\/nort_logo.jpg?fit=150%2C58&amp;ssl=1\" data-large-file=\"https:\/\/i0.wp.com\/www.kaasikkoolitus.eu\/web\/wp-content\/uploads\/2017\/02\/nort_logo.jpg?fit=150%2C58&amp;ssl=1\" class=\"alignnone size-full wp-image-437\" src=\"https:\/\/i0.wp.com\/www.kaasikkoolitus.eu\/web\/wp-content\/uploads\/2017\/02\/nort_logo.jpg?resize=150%2C58&#038;ssl=1\" alt=\"\" width=\"150\" height=\"58\" data-recalc-dims=\"1\" \/><\/p>\n<p><img loading=\"lazy\" decoding=\"async\" data-attachment-id=\"438\" data-permalink=\"https:\/\/www.kaasikkoolitus.eu\/web\/koostoopartnerid\/rakoolitused-logo\/\" data-orig-file=\"https:\/\/i0.wp.com\/www.kaasikkoolitus.eu\/web\/wp-content\/uploads\/2017\/02\/RAKoolitused-logo.jpg?fit=75%2C95&amp;ssl=1\" data-orig-size=\"75,95\" data-comments-opened=\"0\" data-image-meta=\"{&quot;aperture&quot;:&quot;0&quot;,&quot;credit&quot;:&quot;&quot;,&quot;camera&quot;:&quot;&quot;,&quot;caption&quot;:&quot;&quot;,&quot;created_timestamp&quot;:&quot;0&quot;,&quot;copyright&quot;:&quot;&quot;,&quot;focal_length&quot;:&quot;0&quot;,&quot;iso&quot;:&quot;0&quot;,&quot;shutter_speed&quot;:&quot;0&quot;,&quot;title&quot;:&quot;&quot;,&quot;orientation&quot;:&quot;1&quot;}\" data-image-title=\"RAKoolitused-logo\" data-image-description=\"\" data-image-caption=\"\" data-medium-file=\"https:\/\/i0.wp.com\/www.kaasikkoolitus.eu\/web\/wp-content\/uploads\/2017\/02\/RAKoolitused-logo.jpg?fit=75%2C95&amp;ssl=1\" data-large-file=\"https:\/\/i0.wp.com\/www.kaasikkoolitus.eu\/web\/wp-content\/uploads\/2017\/02\/RAKoolitused-logo.jpg?fit=75%2C95&amp;ssl=1\" class=\"alignnone size-full wp-image-438\" src=\"https:\/\/i0.wp.com\/www.kaasikkoolitus.eu\/web\/wp-content\/uploads\/2017\/02\/RAKoolitused-logo.jpg?resize=75%2C95&#038;ssl=1\" alt=\"\" width=\"75\" height=\"95\" data-recalc-dims=\"1\" \/> <img loading=\"lazy\" decoding=\"async\" data-attachment-id=\"439\" data-permalink=\"https:\/\/www.kaasikkoolitus.eu\/web\/koostoopartnerid\/tartukhk-2\/\" data-orig-file=\"https:\/\/i0.wp.com\/www.kaasikkoolitus.eu\/web\/wp-content\/uploads\/2017\/02\/tartukhk-1.jpg?fit=150%2C40&amp;ssl=1\" data-orig-size=\"150,40\" data-comments-opened=\"0\" data-image-meta=\"{&quot;aperture&quot;:&quot;0&quot;,&quot;credit&quot;:&quot;&quot;,&quot;camera&quot;:&quot;&quot;,&quot;caption&quot;:&quot;&quot;,&quot;created_timestamp&quot;:&quot;0&quot;,&quot;copyright&quot;:&quot;&quot;,&quot;focal_length&quot;:&quot;0&quot;,&quot;iso&quot;:&quot;0&quot;,&quot;shutter_speed&quot;:&quot;0&quot;,&quot;title&quot;:&quot;&quot;,&quot;orientation&quot;:&quot;1&quot;}\" data-image-title=\"tartukhk\" data-image-description=\"\" data-image-caption=\"\" data-medium-file=\"https:\/\/i0.wp.com\/www.kaasikkoolitus.eu\/web\/wp-content\/uploads\/2017\/02\/tartukhk-1.jpg?fit=150%2C40&amp;ssl=1\" data-large-file=\"https:\/\/i0.wp.com\/www.kaasikkoolitus.eu\/web\/wp-content\/uploads\/2017\/02\/tartukhk-1.jpg?fit=150%2C40&amp;ssl=1\" class=\"alignnone size-full wp-image-439\" src=\"https:\/\/i0.wp.com\/www.kaasikkoolitus.eu\/web\/wp-content\/uploads\/2017\/02\/tartukhk-1.jpg?resize=150%2C40&#038;ssl=1\" alt=\"\" width=\"150\" height=\"40\" data-recalc-dims=\"1\" \/><\/p>\n<p>&nbsp;<\/p>\n<div><\/div>\n<div>Rimi Eesti Food AS<\/div>\n<div>Selver AS<\/div>\n<div>Maxima Eesti O\u00dc<\/div>\n<div>Aldar Eesti O\u00dc<\/div>\n<div>Tallinna Linnavalitsus<\/div>\n<div>P\u00f5lva Tarbijate \u00dchistu<\/div>\n<div>Antsla Tarbijate \u00dchistu<\/div>\n<div>Keila Tarbijate \u00dchistu<\/div>\n<div>Abja Tarbijate \u00dchistu<\/div>\n<div>Kose Vallavalitsus<\/div>\n<div>Cristella VT O\u00dc<\/div>\n<div>Maarja K\u00fcla<\/div>\n<div>Maarjamaa Hariduskolleegium<\/div>\n<div>Danpower Eesti AS<\/div>\n<div>Kvaliteetaken AS<\/div>\n<div>Vinni Perekodu<\/div>\n<div>Silberauto Eesti AS<\/div>\n<div>Linnuseauto O\u00dc<\/div>\n<div>Tehvandi Spordikeskus<\/div>\n<div>Solbritt AS<\/div>\n<div>Viru \u00d5lu AS<\/div>\n<div>Viru Rand O\u00dc<\/div>\n<div>P\u00f5lva Haigla SA<\/div>\n<div>P\u00e4rnu Haigla AS<\/div>\n<div>R\u00e4pina Haigla AS<\/div>\n<div>Humana Grupp O\u00dc<\/div>\n<div>Tartu Vaimse Tervise Hooldekeskus<\/div>\n<div>Ecoprint AS<\/div>\n<div>Matsimoka O\u00dc<\/div>\n<div>Tartu Kutsehariduskeskus<\/div>\n<div>O\u00dc P\u00e4rnu Perearstid<\/div>\n<div>V\u00e4ndra Arst O\u00dc<\/div>\n<div>Grand Hotel Viljandi AS<\/div>\n<div>Spaahotell Laine<\/div>\n<div>Hotell Centrum Viljandi<\/div>\n<div>V\u00f5ru Keskraamatukogu<\/div>\n<div>J\u00e4rvamaa Keskraamatukogu<\/div>\n<div>Rapla Keskraamatukogu<\/div>\n<div>R\u00e4\u00e4ma Noorte \u00dching Noorus MT\u00dc<\/div>\n<div>Eesti Haigekassa<\/div>\n<div>AS Sanatoorium Tervis<\/div>\n<div>Tervis Spaa Grupp AS<\/div>\n<div>AS Kuressaare Sanatoorium<\/div>\n<div>P\u00e4rnu Jahtklubi PJK Haldus<\/div>\n<div>Ristiisa Pubi O\u00dc<\/div>\n<div>My Fitness AS<\/div>\n<div>Sushi Tiger O\u00dc<\/div>\n<div>Bauhof Group AS<\/div>\n<div>Eesti Energia AS<\/div>\n<div>Eesti Teed AS<\/div>\n<div>Elektrilevi AS<\/div>\n<div>Eesti Raudtee AS<\/div>\n<div>Imavere Energia O\u00dc<\/div>\n<div>Kohila Vineer O\u00dc<\/div>\n<div>Flexa Eesti AS<\/div>\n<div>Imprest AS<\/div>\n<div>Virumaa Suurk\u00f6\u00f6k O\u00dc<\/div>\n<div>P.Dussmann Eesti O\u00dc<\/div>\n<div>Kivilinna Keeltekool<\/div>\n<div>NORT Koolitus O\u00dc<\/div>\n<div>Grillers O\u00dc<\/div>\n<div>Tassikoogid O\u00dc<\/div>\n<div>Salumeria Eesti O\u00dc<\/div>\n<div>Eesti P\u00f5llumajandusmuuseum<\/div>\n<div>Eesti Rahva Muuseum<\/div>\n<div>koolid, lasteaiad \u00fcle Eesti<\/div>\n","protected":false},"excerpt":{"rendered":"<div data-animation=\"rubberBand\" data-icons-animation=\"no-animation\" data-overlay=\"on\" data-change-size=\"\" data-button-size=\"0.7\" style=\"font-size:0.7em!important;display:none;\" class=\"supsystic-social-sharing supsystic-social-sharing-package-flat supsystic-social-sharing-hide-on-homepage supsystic-social-sharing-spacing supsystic-social-sharing-content supsystic-social-sharing-content-align-right\" data-text=\"\"><a data-networks=\"[]\" class=\"social-sharing-button sharer-flat sharer-flat-1 counter-standard without-counter facebook\" target=\"_blank\" title=\"Facebook\" href=\"http:\/\/www.facebook.com\/sharer.php?u=https%3A%2F%2Fwww.kaasikkoolitus.eu%2Fweb%2Fkoostoopartnerid%2F\" data-main-href=\"http:\/\/www.facebook.com\/sharer.php?u={url}\" data-nid=\"1\" data-name=\"\" data-pid=\"2\" data-post-id=\"433\" data-url=\"https:\/\/www.kaasikkoolitus.eu\/web\/wp-admin\/admin-ajax.php\" rel=\"nofollow\" data-mailto=\"\"><i class=\"fa-ssbs fa-ssbs-fw fa-ssbs-facebook\"><\/i><div class=\"counter-wrap standard\"><span class=\"counter\">2<\/span><\/div><\/a><a data-networks=\"[]\" class=\"social-sharing-button sharer-flat sharer-flat-1 counter-standard without-counter print\" target=\"_blank\" title=\"Print\" href=\"#\" data-main-href=\"#\" data-nid=\"14\" data-name=\"\" data-pid=\"2\" data-post-id=\"433\" data-url=\"https:\/\/www.kaasikkoolitus.eu\/web\/wp-admin\/admin-ajax.php\" rel=\"nofollow\" data-mailto=\"\"><i class=\"fa-ssbs fa-ssbs-fw fa-ssbs-print\"><\/i><div class=\"counter-wrap standard\"><span class=\"counter\">0<\/span><\/div><\/a><a data-networks=\"[]\" class=\"social-sharing-button sharer-flat sharer-flat-1 counter-standard without-counter mail\" target=\"_blank\" title=\"Mail\" href=\"#\" data-main-href=\"#\" data-nid=\"16\" data-name=\"\" data-pid=\"2\" data-post-id=\"433\" data-url=\"https:\/\/www.kaasikkoolitus.eu\/web\/wp-admin\/admin-ajax.php\" rel=\"nofollow\" data-mailto=\"\"><i class=\"fa-ssbs fa-ssbs-fw fa-ssbs-envelope-o\"><\/i><div class=\"counter-wrap standard\"><span class=\"counter\">1<\/span><\/div><\/a><\/div><p>&nbsp; Rimi Eesti Food AS Selver AS Maxima Eesti O\u00dc Aldar Eesti O\u00dc Tallinna Linnavalitsus P\u00f5lva Tarbijate \u00dchistu Antsla Tarbijate \u00dchistu Keila Tarbijate \u00dchistu Abja Tarbijate \u00dchistu Kose Vallavalitsus Cristella VT O\u00dc Maarja K\u00fcla Maarjamaa Hariduskolleegium Danpower Eesti AS Kvaliteetaken AS Vinni Perekodu Silberauto Eesti AS Linnuseauto O\u00dc Tehvandi Spordikeskus Solbritt AS Viru \u00d5lu AS [&hellip;]<\/p>\n","protected":false},"author":1,"featured_media":0,"parent":0,"menu_order":0,"comment_status":"closed","ping_status":"closed","template":"","meta":{"om_disable_all_campaigns":false,"_monsterinsights_skip_tracking":false,"_monsterinsights_sitenote_active":false,"_monsterinsights_sitenote_note":"","_monsterinsights_sitenote_category":0,"jetpack_post_was_ever_published":false,"footnotes":""},"jetpack_sharing_enabled":true,"jetpack_shortlink":"https:\/\/wp.me\/P8vvDu-6Z","jetpack-related-posts":[],"_links":{"self":[{"href":"https:\/\/www.kaasikkoolitus.eu\/web\/wp-json\/wp\/v2\/pages\/433"}],"collection":[{"href":"https:\/\/www.kaasikkoolitus.eu\/web\/wp-json\/wp\/v2\/pages"}],"about":[{"href":"https:\/\/www.kaasikkoolitus.eu\/web\/wp-json\/wp\/v2\/types\/page"}],"author":[{"embeddable":true,"href":"https:\/\/www.kaasikkoolitus.eu\/web\/wp-json\/wp\/v2\/users\/1"}],"replies":[{"embeddable":true,"href":"https:\/\/www.kaasikkoolitus.eu\/web\/wp-json\/wp\/v2\/comments?post=433"}],"version-history":[{"count":9,"href":"https:\/\/www.kaasikkoolitus.eu\/web\/wp-json\/wp\/v2\/pages\/433\/revisions"}],"predecessor-version":[{"id":867,"href":"https:\/\/www.kaasikkoolitus.eu\/web\/wp-json\/wp\/v2\/pages\/433\/revisions\/867"}],"wp:attachment":[{"href":"https:\/\/www.kaasikkoolitus.eu\/web\/wp-json\/wp\/v2\/media?parent=433"}],"curies":[{"name":"wp","href":"https:\/\/api.w.org\/{rel}","templated":true}]}}